 = 0. Is y a composite number?
False
Let y = -8 - -8. Suppose 13 = 2*a + 3*x, -3*a - 3*x + 5*x = y. Let r = a + 8. Is r a composite number?
True
Suppose -2*r = r - 159. Let g = 2 + r. Is g composite?
True
Suppose 11*s - 526 = 1575. Is s composite?
False
Suppose u - 7 = -w, -w + 6 - 14 = -2*u. Suppose -w*z + 5*f = 0, -5*z - 26 = -2*z - f. Let y = z + 19. Is y composite?
True
Suppose 81*v - 1679 = 80*v. Is v composite?
True
Suppose 4*d - 3263 = -0*d + 3*a, 3*d + 2*a = 2460. Is d composite?
True
Suppose 0 = 4*h - 2624 - 6860. Is h composite?
False
Suppose 3*l + 3 = -0*l, g = -5*l - 7. Is -2 + (-1 - 41)/g composite?
False
Let j = 102 - -82. Suppose -50 = 2*h - j. Is h composite?
False
Suppose 3*s = k - 1349, -306 = -2*k - 4*s + 2352. Is k a prime number?
False
Let w = -273 + 396. Is w a composite number?
True
Suppose 0 = -12*o + 7*o + 5275. Suppose c + 4*c = o. Is c a composite number?
False
Let k(o) = 25*o**2 - 3*o + 3. Suppose -3*n + q + 17 = -6*n, 4*q = -20. Is k(n) a prime number?
False
Let y(p) = -p**2 - 6*p + 5. Let c be y(-6). Let f(s) = -c*s - 3 - s + s - 1. Is f(-7) a composite number?
False
Let f(m) = -144*m - 1. Is f(-1) a composite number?
True
Let j = 30 - -193. Is j a prime number?
True
Suppose -141 = -5*i - 971. Let s = 233 + i. Is s a composite number?
False
Let s = 0 + 4. Suppose 39 = v + 4*q, -v = -s*q + 6 - 29. Is v composite?
False
Let x = -12 - -13. Suppose -10 = 2*t - 2*r, 3*r + 2 = -4*t + r. Is (19/t)/(x/(-2)) prime?
True
Suppose -2*k - 2*h + 2720 = 0, 0*h + h = 2*k - 2723. Is k prime?
True
Suppose -9*x = -10*x + 74. Let t = x + 45. Is t prime?
False
Let y(n) = 3*n**2 - 44*n - 13. Is y(20) prime?
True
Is ((-10)/(-4))/(2/116) a composite number?
True
Suppose -2*m - 54 = m. Let w = m + 11. Let r = 40 - w. Is r a prime number?
True
Let g(u) = -4*u + 11. Let d(m) = 5*m - 12. Let y(c) = -3*d(c) - 4*g(c). Is y(14) prime?
False
Let b(p) = p**3 - 6*p**2 + 2*p + 3. Is b(6) a prime number?
False
Let b(w) be the second derivative of w**5/20 + w**4/12 + 4*w**3/3 - w**2/2 - w. Is b(6) composite?
True
Suppose g + 2*j + 0 = -6, -3*j = -g - 1. Let n = g + 0. Is (-875)/(-9) - n/(-18) composite?
False
Let i be (-16)/(-6)*(-465)/(-20). Suppose v + v = i. Is v a composite number?
False
Suppose -2*y - 4*s + 8 = 0, 5*y = 7*s - 2*s - 10. Let t be (-2)/3 - 28/(-6). Suppose f + t - 35 = y. Is f a composite number?
False
Let y(q) = q**2 + 1. Is y(-3) a prime number?
False
Let i(v) = 6*v**2 + v - 7. Is i(-6) composite?
True
Let b(m) = -31*m + 7. Let j(i) = 47*i - 11. Let z(q) = -8*b(q) - 5*j(q). Let g be z(-4). Let t = -22 - g. Is t composite?
False
Let v(s) = 7*s - 4. Let y = -12 + 18. Is v(y) a composite number?
True
Let d(n) = -n**3 - 8*n**2 - n - 1. Suppose 7*p + 24 = 4*p. Let b be d(p). Let f(g) = -g**2 + 11*g - 5. Is f(b) prime?
True
Let z = 0 + 1. Let n be (19 + 0 - z)/(-1). Let o = 25 + n. Is o composite?
False
Let f(b) = b - 3. Let t = -9 - -17. Let q be f(t). Suppose -2212 = x - q*x. Is x composite?
True
Let q(v) = 4*v**2 + 2*v - 5 - v**3 + v + 3*v. Let i be q(5). Suppose -2*k + i*k + 14 = 0. Is k a composite number?
False
Let w = -54 - -160. Suppose -m = -6*m - 20. Is 2/(-4) - w/m a composite number?
True
Suppose -3*j = 2*j + 10. Let z(x) = 18*x**2 + 4*x + 3. Is z(j) a composite number?
False
Suppose 2*o = 3*d + 13, 0 = -2*o + 3*o - 5. Let y be d/2 - 14/(-4). Suppose -y*r = -7*r + 76. Is r a prime number?
True
Suppose -2*w = o + 5, -o = 4*o + 4*w + 37. Let g(v) be the first derivative of v**4/4 + 10*v**3/3 + 2*v**2 - 11*v - 2. Is g(o) a composite number?
True
Let n = 2410 - 1667. Is n a composite number?
False
Let b(j) = 20*j**3 + 2*j**2 - 3*j + 1. Let r(u) = -4*u - 2. Let f be r(-1). Is b(f) composite?
False
Let l = 7 + -7. Let w(v) = v + 149. Is w(l) a composite number?
False
Let l(p) = p**2 - p - 4. Let k be l(3). Let v(s) = 8*s**2 - s + 2 - 2*s**k + 2*s**2. Is v(-3) prime?
False
Let j be (-2)/(-3)*3/(-1). Is j/8 - (-3141)/4 prime?
False
Let b = 870 - 497. Is b prime?
True
Suppose -15 = 3*i - 6*i - 5*a, 0 = -2*i - 5*a + 10. Is 453/5 - (-2)/i a composite number?
True
Let b = 9 - -1. Suppose 0*d - 3*r + b = d, -8 = 2*r. Is d composite?
True
Let w(u) = 99*u - 6. Let s be w(5). Let h = 1018 - s. Is h a prime number?
False
Suppose -2*q + 110 = -r - 3*r, 2*r = -4*q - 70. Suppose x = 55 + 39. Let o = x + r. Is o a composite number?
True
Let h(t) = 78*t - 1. Let i be h(-1). Let v = 234 + i. Is v a prime number?
False
Let r(y) = -y**2 - 3*y - 2. Let z be r(-4). Let f be z/24 + 62/(-8). Is (0 + -2 - f)*1 prime?
False
Suppose -2*o + i = 5*i - 114, -4*i = -3*o + 221. Is o a composite number?
False
Let f(s) = 11*s**2 - 5*s + 5. Let g(d) = -10*d**2 + 4*d - 4. Let c(q) = -3*f(q) - 4*g(q). Suppose -3*n + n - 20 = 4*b, -b = n + 7. Is c(b) a prime number?
True
Suppose 4*l - 12 = 12. Suppose l*q - 922 = 1736. Is q a prime number?
True
Suppose -2*y + 13 = 5*w, 3 = 2*w + 5*y - 2*y. Let u(c) = 4*c**3 + c**2 + 2*c + 4. Is u(w) composite?
False
Let t = 70 - -17. Is t composite?
True
Suppose 0 = 2*q - 430 - 1700. Suppose -4*z + 2*b - 3*b = -q, 261 = z + 2*b. Is z prime?
False
Let c = 10 + -8. Suppose c*o + 95 = 3*o. Suppose o = 2*b + 3*b. Is b a composite number?
False
Let j(h) be the second derivative of h**3/6 + 21*h**2/2 + 3*h. Is j(0) a prime number?
False
Let z(p) = 70*p + 1. Is z(1) a prime number?
True
Let u(i) = 4*i + i - i - 2 + i. Let t(p) = -4*p - 3. Let l be t(-2). Is u(l) a prime number?
True
Let c = 896 + -489. Is c prime?
False
Let m(j) = 2*j + 581. Is m(0) composite?
True
Let o = 24 - -283. Is o a composite number?
False
Let m = 23 - -92. Is m prime?
False
Suppose g + g = 106. Suppose -g - 13 = 2*k. Let d = k + 182. Is d a composite number?
False
Is -3*((1712/6)/(-4) + -1) a prime number?
False
Let p(r) = -r + 5. Let h be p(-8). Suppose d = 5*x - 0*d + 10, 2*x + 3*d = h. Is 46 - 1*1/x composite?
False
Let s = 16 - 24. Let p = s + 22. Suppose -33 = -4*m + 3*t, -2*m + 1 = -t - p. Is m composite?
True
Let t = -217 - -914. Is t composite?
True
Suppose -4*d + 250 = -2*z - 184, 2*z = -5*d + 565. Is d composite?
True
Let k(r) = -5*r - 15. Let b = 2 - 12. Is k(b) a prime number?
False
Let v(m) = -4*m**2 - m. Let h(l) = 4*l**2 + l + 1. Let z(b) = -5*h(b) - 6*v(b). Suppose 5*i + 5*t + 45 = 0, 4*t = -t - 25. Is z(i) composite?
True
Suppose -4*q = 3*h - 6*h + 16, 13 = 4*h + 3*q. Suppose -7*x + 9 = -h*x. Suppose -2*j + 96 = x*b - 7*j, 0 = 2*j - 6. Is b a prime number?
True
Let u(a) = -a**2 - 3*a + 743. Is u(0) a prime number?
True
Suppose 5*o - 29 + 177 = k, 5*k = -5*o + 830. Is k a composite number?
False
Suppose -6*g + 4*g = -12. Is 1518/9 - (-2)/g prime?
False
Is (4/6)/(-5*(-2)/19785) prime?
True
Let p = 6 - 6. Let y(a) = -a**3 + 967. Is y(p) a prime number?
True
Suppose 53 - 8 = 5*o. Let y(b) = b - 6. Let a be y(o). Is (-1267)/(-6) - a/18 prime?
True
Let v = 1366 - 289. Is v a prime number?
False
Suppose -2*m - o = -m - 648, -3*m = -2*o - 1949. Is m prime?
False
Let w = -34 - 18. Is w*(-9)/6 + 1 a composite number?
False
Let k be (-6 - -4)/(4/754). Let p = -238 - k. Is p prime?
True
Is 3/9 - 2440/(-15) a composite number?
False
Suppose -4*t + 19 = -17. Is (344/6)/(6/t) a composite number?
True
Suppose 3*r - 32 = 2*r. Let a = 72 + 9. Let k = a + r. Is k a prime number?
True
Let v be (-1067)/(-6) - 13/(-78). Suppose 2*z - 4*z = -v. Is z a composite number?
False
Suppose 4*h = 0, -2*h - 18 = -3*w - h. Let z be 27/w + 1/2. Suppose 0*r = r - 2*s - 53, s = z*r - 274. Is r a composite number?
True
Suppose -q = -r - 4, 4*r + 17 - 4 = 3*q. Let s be ((-6)/10)/(q/(-15)). Suppose 0 = s*a - 9. Is a a composite number?
False
Suppose -5*v - 1 = -21. Suppose 20 = 3*s + 5*l, -5*l + 35 = v*s - 0*l. Is s composite?
True
Suppose 3*u + 27 = 5*g, u + 13 = 3*g - 0*u. Let l(r) be the third derivative of -r**6/120 + r**5/20 + r**4/12 + r**3/2 - r**2. Is l(g) a composite number?
True
Suppose 3*d = -t - 215, 2*t - 2 = -0*t. Let i = 13 - d. Is i prime?
False
Let v be (-51)/(-7) + 4/(-14). Suppose -m - v = -39. Is m + (1 + 0 - 2) composite?
False
Let g(r) = 9*r + 3. Let q be g(-6). Suppose 2*a = -17 + 161. Let b = a + q. Is b a prime number?
False
Let p be 2/6 + (-1864)/(-6). Suppose -3*w = -3*u - 240, 4*w + 5*u - p = -0*w. Suppose 2*t = w + 75. Is t composite?
True
Let b(k) = 1